91 is divided by 61?
10
What is the remainder when 897 is divided by 295?
12
What is the remainder when 350 is divided by 91?
77
What is the remainder when 41 is divided by 37?
4
What is the remainder when 667 is divided by 121?
62
Calculate the remainder when 526 is divided by 22.
20
What is the remainder when 10167 is divided by 41?
40
What is the remainder when 5845 is divided by 27?
13
Calculate the remainder when 80 is divided by 6.
2
What is the remainder when 580 is divided by 73?
69
What is the remainder when 261 is divided by 120?
21
What is the remainder when 129 is divided by 50?
29
What is the remainder when 1110 is divided by 101?
100
What is the remainder when 735 is divided by 31?
22
What is the remainder when 623 is divided by 209?
205
Calculate the remainder when 185 is divided by 10.
5
Calculate the remainder when 222 is divided by 45.
42
Calculate the remainder when 858 is divided by 6.
0
What is the remainder when 13961 is divided by 78?
77
What is the remainder when 101 is divided by 27?
20
Calculate the remainder when 123 is divided by 2.
1
Calculate the remainder when 26339 is divided by 30.
29
What is the remainder when 21165 is divided by 18?
15
What is the remainder when 588 is divided by 196?
0
Calculate the remainder when 622 is divided by 13.
11
What is the remainder when 1510 is divided by 24?
22
Calculate the remainder when 192 is divided by 40.
32
Calculate the remainder when 527 is divided by 59.
55
What is the remainder when 928 is divided by 234?
226
What is the remainder when 1176 is divided by 587?
2
Calculate the remainder when 1313 is divided by 73.
72
Calculate the remainder when 26 is divided by 3.
2
Calculate the remainder when 1432 is divided by 357.
4
Calculate the remainder when 429 is divided by 18.
15
Calculate the remainder when 101 is divided by 16.
5
Calculate the remainder when 33 is divided by 10.
3
Calculate the remainder when 268 is divided by 98.
72
Calculate the remainder when 226 is divided by 58.
52
What is the remainder when 1248 is divided by 206?
12
What is the remainder when 159 is divided by 63?
33
What is the remainder when 304 is divided by 50?
4
Calculate the remainder when 187 is divided by 41.
23
What is the remainder when 329 is divided by 89?
62
Calculate the remainder when 90 is divided by 19.
14
Calculate the remainder when 71 is divided by 8.
7
Calculate the remainder when 262 is divided by 117.
28
What is the remainder when 2834 is divided by 62?
44
Calculate the remainder when 3851 is divided by 1919.
13
Calculate the remainder when 3582 is divided by 138.
132
What is the remainder when 628 is divided by 304?
20
Calculate the remainder when 360 is divided by 19.
18
Calculate the remainder when 134 is divided by 17.
15
What is the remainder when 275 is divided by 89?
8
Calculate the remainder when 107 is divided by 55.
52
What is the remainder when 41 is divided by 14?
13
Calculate the remainder when 10823 is divided by 42.
29
What is the remainder when 858 is divided by 66?
0
Calculate the remainder when 106 is divided by 18.
16
Calculate the remainder when 704 is divided by 640.
64
What is the remainder when 1874 is divided by 363?
59
Calculate the remainder when 482 is divided by 7.
6
Calculate the remainder when 529 is divided by 255.
19
Calculate the remainder when 4 is divided by 4.
0
Calculate the remainder when 359 is divided by 80.
39
Calculate the remainder when 489 is divided by 436.
53
What is the remainder when 11580 is divided by 23?
11
What is the remainder when 15 is divided by 13?
2
Calculate the remainder when 128 is divided by 36.
20
What is the remainder when 523 is divided by 38?
29
What is the remainder when 510 is divided by 7?
6
Calculate the remainder when 840 is divided by 157.
55
Calculate the remainder when 1594 is divided by 11.
10
What is the remainder when 2676 is divided by 241?
25
Calculate the remainder when 216 is divided by 64.
24
Calculate the remainder when 114 is divided by 71.
43
What is the remainder when 1684 is divided by 82?
44
Calculate the remainder when 147 is divided by 8.
3
Calculate the remainder when 1076 is divided by 63.
5
Calculate the remainder when 50 is divided by 30.
20
Calculate the remainder when 158 is divided by 15.
8
Calculate the remainder when 1275 is divided by 61.
55
What is the remainder when 3815 is divided by 1264?
23
What is the remainder when 460 is divided by 93?
88
What is the remainder when 4885 is divided by 27?
25
What is the remainder when 227 is divided by 18?
11
What is the remainder when 521 is divided by 58?
57
What is the remainder when 301 is divided by 31?
22
Calculate the remainder when 935 is divided by 104.
103
Calculate the remainder when 452 is divided by 392.
60
Calculate the remainder when 268 is divided by 239.
29
Calculate the remainder when 3716 is divided by 41.
26
Calculate the remainder when 801 is divided by 67.
64
What is the remainder when 93 is divided by 12?
9
What is the remainder when 85 is divided by 26?
7
What is the remainder when 138 is divided by 70?
68
What is the remainder when 239 is divided by 15?
14
What is the remainder when 61 is divided by 16?
13
Calculate the remainder when 2811 is divided by 357.
312
Calculate the remainder when 81 is divided by 17.
13
Calculate the remainder when 23 is divided by 14.
9
Calculate the remainder when 123 is divided by 83.
40
Calculate the remainder when 37 is divided by 3.
1
What is the remainder when 122 is divided by 27?
14
Calculate the remainder when 244 is divided by 59.
8
Calculate the remainder when 1527 is divided by 85.
82
What is the remainder when 456 is divided by 14?
8
Calculate the remainder when 2351 is divided by 18.
11
Calculate the remainder when 545 is divided by 524.
21
What is the remainder when 511 is divided by 65?
56
Calculate the remainder when 329 is divided by 111.
107
Calculate the remainder when 346 is divided by 226.
120
What is the remainder when 57 is divided by 16?
9
Calculate the remainder when 73 is divided by 19.
16
What is the remainder when 67 is divided by 8?
3
Calculate the remainder when 259 is divided by 35.
14
Calculate the remainder when 292 is divided by 281.
11
Calculate the remainder when 54 is divided by 11.
10
What is the remainder when 236 is divided by 115?
6
What is the remainder when 130 is divided by 27?
22
What is the remainder when 761 is divided by 4?
1
Calculate the remainder when 7353 is divided by 2447.
12
What is the remainder when 1037 is divided by 507?
23
What is the remainder when 453 is divided by 111?
9
Calculate the remainder when 2429 is divided by 143.
141
What is the remainder when 565 is divided by 81?
79
Calculate the remainder when 206 is divided by 59.
29
What is the remainder when 581 is divided by 99?
86
What is the remainder when 507 is divided by 74?
63
What is the remainder when 461 is divided by 212?
37
What is the remainder when 118 is divided by 72?
46
What is the remainder when 880 is divided by 14?
12
What is the remainder when 1914 is divided by 479?
477
What is the remainder when 142 is divided by 12?
10
What is the remainder when 612 is divided by 77?
73
What is the remainder when 175 is divided by 92?
83
Calculate the remainder when 1140 is divided by 26.
22
Calculate the remainder when 1143 is divided by 14.
9
What is the remainder when 1289 is divided by 68?
65
What is the remainder when 638 is divided by 14?
8
Calculate the remainder when 400 is divided by 35.
15
What is the remainder when 1447 is divided by 525?
397
Calculate the remainder when 184 is divided by 94.
90
What is the remainder when 47 is divided by 13?
8
Calculate the remainder when 193 is divided by 77.
39
Calculate the remainder when 368 is divided by 342.
26
What is the remainder when 183 is divided by 31?
28
What is the remainder when 356 is divided by 119?
118
What is the remainder when 159 is divided by 7?
5
What is the remainder when 488 is divided by 133?
89
Calculate the remainder when 6733 is divided by 37.
36
Calculate the remainder when 618 is divided by 165.
123
What is the remainder when 294 is divided by 12?
6
Calculate the remainder when 328 is divided by 12.
4
Calculate the remainder when 462 is divided by 44.
22
What is the remainder when 808 i